{"id":23222,"date":"2025-03-28T14:15:32","date_gmt":"2025-03-28T13:15:32","guid":{"rendered":"https:\/\/www.istruzione.calabria.it\/vibovalentia\/?page_id=23222"},"modified":"2025-03-28T14:15:32","modified_gmt":"2025-03-28T13:15:32","slug":"equipollenza","status":"publish","type":"page","link":"https:\/\/www.istruzione.calabria.it\/vibovalentia\/equipollenza\/","title":{"rendered":"Equipollenza"},"content":{"rendered":"<div id=\"pl-23222\"  class=\"panel-layout\" ><div id=\"pg-23222-0\"  class=\"panel-grid panel-has-style\" ><div class=\"panel-row-style panel-row-style-for-23222-0\" ><div id=\"pgc-23222-0-0\"  class=\"panel-grid-cell\" ><div id=\"panel-23222-0-0-0\" class=\"so-panel widget widget_sow-button panel-first-child\" data-index=\"0\" ><div class=\"panel-widget-style panel-widget-style-for-23222-0-0-0\" ><div\n\t\t\t\n\t\t\tclass=\"so-widget-sow-button so-widget-sow-button-flat-fc8671c39e79-23222\"\n\t\t\t\n\t\t><div class=\"ow-button-base ow-button-align-left\"\n>\n\t\t\t<a\n\t\t\t\t\thref=\"https:\/\/www.istruzione.calabria.it\/vibovalentia\/?page_id=23201&#038;preview=true\"\n\t\t\t\t\tclass=\"sowb-button ow-icon-placement-left ow-button-hover\" \t>\n\t\t<span>\n\t\t\t\n\t\t\tModulistica\t\t<\/span>\n\t\t\t<\/a>\n\t<\/div>\n<\/div><\/div><\/div><div id=\"panel-23222-0-0-1\" class=\"so-panel widget widget_sow-button\" data-index=\"1\" ><div class=\"panel-widget-style panel-widget-style-for-23222-0-0-1\" ><div\n\t\t\t\n\t\t\tclass=\"so-widget-sow-button so-widget-sow-button-wire-fc8671c39e79-23222\"\n\t\t\t\n\t\t><div class=\"ow-button-base ow-button-align-left\"\n>\n\t\t\t<a\n\t\t\t\tclass=\"sowb-button ow-icon-placement-left ow-button-hover\" \t>\n\t\t<span>\n\t\t\t\n\t\t\tEquipollenza\t\t<\/span>\n\t\t\t<\/a>\n\t<\/div>\n<\/div><\/div><\/div><div id=\"panel-23222-0-0-2\" class=\"so-panel widget widget_sow-button panel-last-child\" data-index=\"2\" ><div class=\"panel-widget-style panel-widget-style-for-23222-0-0-2\" ><div\n\t\t\t\n\t\t\tclass=\"so-widget-sow-button so-widget-sow-button-flat-fc8671c39e79-23222\"\n\t\t\t\n\t\t><div class=\"ow-button-base ow-button-align-left\"\n>\n\t\t\t<a\n\t\t\t\t\thref=\"https:\/\/www.istruzione.calabria.it\/vibovalentia\/?page_id=23206&#038;preview=true\"\n\t\t\t\t\tclass=\"sowb-button ow-icon-placement-left ow-button-hover\" \t>\n\t\t<span>\n\t\t\t\n\t\t\tRichiesta sostituzione o ritiro diploma\t\t<\/span>\n\t\t\t<\/a>\n\t<\/div>\n<\/div><\/div><\/div><\/div><div id=\"pgc-23222-0-1\"  class=\"panel-grid-cell\" ><div id=\"panel-23222-0-1-0\" class=\"so-panel widget widget_sow-editor panel-first-child panel-last-child\" data-index=\"3\" ><div\n\t\t\t\n\t\t\tclass=\"so-widget-sow-editor so-widget-sow-editor-base\"\n\t\t\t\n\t\t>\n<div class=\"siteorigin-widget-tinymce textwidget\">\n\t<p><strong>Che cos\u2019\u00e8<\/strong><\/p>\n<p>L\u2019equipollenza dei titoli di studio, scolastica o accademica, \u00e8 la procedura mediante la quale\u00a0l\u2019autorit\u00e0 scolastica o accademica determina l\u2019equivalenza, a tutti gli effetti giuridici, di un\u00a0titolo di studio conseguito all\u2019estero con un determinato titolo presente nell\u2019ordinamento<br \/>\nitaliano.<\/p>\n<p>Pu\u00f2 essere riconosciuto corrispondente ad un diploma italiano solo \u00a0un titolo di studio\u00a0<strong>finale<\/strong>\u00a0conseguito all\u2019estero\u00a0al termine di un percorso scolastico.<\/p>\n<p><strong>A chi rivolgersi<\/strong><\/p>\n<table class=\"acqua\">\n<tbody>\n<tr>\n<td><strong>Titolo di studio<\/strong><\/td>\n<td><strong>Ufficio competente<\/strong><\/td>\n<\/tr>\n<tr>\n<td>Diploma conclusivo dei corsi d\u2019istruzione \u00a0di 1\u00b0 grado<\/td>\n<td>Ufficio scolastico regionale \u2013 ambito territoriale della provincia di residenza<\/td>\n<\/tr>\n<tr>\n<td>Diploma conclusivo dei corsi d\u2019istruzione \u00a0di 2\u00b0 grado<\/td>\n<td>Ufficio scolastico regionale o per delega ambito territoriale della provincia di residenza<\/td>\n<\/tr>\n<tr>\n<td>Titoli accademici<\/td>\n<td>Universit\u00e0 degli studi<\/td>\n<\/tr>\n<\/tbody>\n<\/table>\n<p><strong>Come fare<\/strong><\/p>\n<p>Per ottenere l\u2019equipollenza occorre compilare e presentare l\u2019apposita\u00a0<strong><a href=\"https:\/\/www.istruzione.calabria.it\/vibovalentia\/wp-content\/uploads\/2025\/03\/DomandaEquipollenza-ATVV.doc\">domanda<\/a><\/strong>\u00a0in carta semplice<\/p>\n<p><strong>Chi pu\u00f2 fare domanda<\/strong><\/p>\n<p>La dichiarazione di equipollenza di titoli di studio esteri\u00a0<strong>pu\u00f2 essere rilasciata solo nei confronti dei cittadini<\/strong>:<\/p>\n<ol>\n<li><strong>di Stati membri dell\u2019Unione europea, degli Stati aderenti all\u2019Accordo sullo Spazio economico, o dalla Confederazione Elvetica\u00a0<\/strong>(allegare\u00a0<u>certificato di nascita<\/u>)<\/li>\n<li><strong>italiani per matrimonio\u00a0<\/strong>(allegare<u>\u00a0copia del decreto di concessione del Ministero dell\u2019Interno<\/u>\u00a0o altra documentazione comprovante lo \u201cstatus\u201d di cui sopra)<\/li>\n<li><strong>italiani per naturalizzazione\u00a0<\/strong>(allegare\u00a0<u>copia del decreto di concessione del Presidente della Repubblica<\/u>\u00a0o altra documentazione comprovante lo \u201cstatus\u201d di cui sopra)<\/li>\n<li><strong>di cui all\u2019art. 383- comma 1\u00b0- D.L.vo 16.4.94 n. 297\u00a0<\/strong>(allegare\u00a0<u>copia del decreto di qualifica di profugo, rilasciato dalla Prefettura<\/u>)<\/li>\n<\/ol>\n<p>L\u2019equipollenza ad un diploma di 2\u00b0 grado non pu\u00f2 essere rilasciata prima del compimento del 18\u00b0 anno d\u2019et\u00e0<\/p>\n<p><strong>Documenti da allegare alla domanda (in duplice copia autenticata)<\/strong><\/p>\n<ul>\n<li><strong>titolo di studio\u00a0<\/strong>(preferibilmente in copia autenticata) rilasciato dalla scuola straniera, accompagnato dalla traduzione in lingua italiana\u00a0<strong>che pu\u00f2 essere certificata conforme al testo straniero<\/strong>:<\/li>\n<\/ul>\n<ol>\n<li>dall\u2019autorit\u00e0 diplomatica o consolare italiana del Paese di provenienza<\/li>\n<li>da un traduttore ufficiale<\/li>\n<li>dalla rappresentanza diplomatica o consolare del Paese dove il titolo \u00e8 stato conseguito, operante in Italia<\/li>\n<\/ol>\n<p>La firma del Capo d\u2019Istituto, che ha rilasciato il titolo suddetto, deve essere legalizzata dall\u2019autorit\u00e0 diplomatica o consolare italiana operante nel Paese straniero<\/p>\n<ul>\n<li><strong>dichiarazione di valore<\/strong>, rilasciata dall\u2019autorit\u00e0 diplomatica o consolare italiana all\u2019estero, indicante:<\/li>\n<\/ul>\n<ol>\n<li>posizione giuridica dell\u2019istituto o scuola (statale o non, con l\u2019indicazione del gestore)<\/li>\n<li>il valore degli studi compiuti all\u2019estero (durata, ordine e grado degli studi ai quali il titolo si riferisce secondo l\u2019ordinamento scolastico vigente nel Paese dove il titolo \u00e8 stato conseguito)<\/li>\n<li>il sistema di valutazione (voto minimo e massimo attribuibile) usato dalla Scuola dove si sono svolti gli studi<\/li>\n<li>la validit\u00e0 ai fini della prosecuzione degli studi e\/o dell\u2019assunzione a posti di lavoro<\/li>\n<\/ol>\n<ul>\n<li><strong>documentazione comprovante la conoscenza della lingua italiana<\/strong>, quale, ad esempio:<\/li>\n<\/ul>\n<ol>\n<li>attestato di frequenza a corsi con l\u2019insegnamento della lingua italiana<\/li>\n<li>partecipazione ad attivit\u00e0 lavorative e\/o culturali italiane<\/li>\n<li>titolo di studio che comprenda l\u2019italiano fra le materie classificate<\/li>\n<\/ol>\n<ul>\n<li><strong>ogni altro titolo o documento\u00a0<\/strong>(tradotto in italiano)\u00a0<strong>che il richiedente ritenga utile presentare<\/strong>.<\/li>\n<\/ul>\n<p><em>di seguito la documentazione necessaria solo per la richiesta di equipollenza di titoli di studio secondari di 2\u00b0.<\/em><\/p>\n<ul>\n<li><strong>curriculum degli studi (piano degli studi \/ pagelle scolastiche \/ foglio matricolare)\u00a0<\/strong>distinto per anni scolastici, indicante:<\/li>\n<\/ul>\n<ol>\n<li>le materie per ciascuna classe frequentata con esito positivo<\/li>\n<li>l\u2019esito favorevole degli esami finali<\/li>\n<li>le eventuali esperienze lavorative maturate in connessione con il titolo di studio<\/li>\n<\/ol>\n<ul>\n<li><strong>programma delle materie redatto dalla scuola o istituto\u00a0<\/strong>dove il titolo \u00e8 stato conseguito, accompagnato dalla traduzione in lingua italiana. Detto programma potr\u00e0 essere desunto dalle pubblicazioni ufficiali dei relativi stati esteri presso le autorit\u00e0 diplomatiche o\u00a0consolari.<\/li>\n<\/ul>\n<p>Per il riconoscimento delle\u00a0<strong>lauree estere\u00a0<\/strong>sono competenti, con proprie modalit\u00e0, le\u00a0<strong>Universit\u00e0 degli Studi<\/strong>.<\/p>\n<p>Per i titoli inerenti le\u00a0<strong>arti e professioni ausiliarie sanitarie\u00a0<\/strong>esiste una normativa speciale del Ministero della Salute (per informazioni rivolgersi presso una\u00a0<strong>Azienda Sanitaria Locale \u2013 S.L.<\/strong>)<\/p>\n<p>&nbsp;<\/p>\n<\/div>\n<\/div><\/div><\/div><\/div><\/div><\/div>","protected":false},"excerpt":{"rendered":"<p>Che cos\u2019\u00e8 L\u2019equipollenza dei titoli di studio, scolastica o accademica, \u00e8 la procedura mediante la quale\u00a0l\u2019autorit\u00e0 scolastica o accademica determina l\u2019equivalenza, a tutti gli effetti &#8230; <\/p>\n","protected":false},"author":1,"featured_media":0,"parent":0,"menu_order":0,"comment_status":"closed","ping_status":"closed","template":"page-fullwidth.php","meta":{"footnotes":""},"class_list":["post-23222","page","type-page","status-publish","hentry"],"_links":{"self":[{"href":"https:\/\/www.istruzione.calabria.it\/vibovalentia\/wp-json\/wp\/v2\/pages\/23222","targetHints":{"allow":["GET"]}}],"collection":[{"href":"https:\/\/www.istruzione.calabria.it\/vibovalentia\/wp-json\/wp\/v2\/pages"}],"about":[{"href":"https:\/\/www.istruzione.calabria.it\/vibovalentia\/wp-json\/wp\/v2\/types\/page"}],"author":[{"embeddable":true,"href":"https:\/\/www.istruzione.calabria.it\/vibovalentia\/wp-json\/wp\/v2\/users\/1"}],"replies":[{"embeddable":true,"href":"https:\/\/www.istruzione.calabria.it\/vibovalentia\/wp-json\/wp\/v2\/comments?post=23222"}],"version-history":[{"count":8,"href":"https:\/\/www.istruzione.calabria.it\/vibovalentia\/wp-json\/wp\/v2\/pages\/23222\/revisions"}],"predecessor-version":[{"id":23247,"href":"https:\/\/www.istruzione.calabria.it\/vibovalentia\/wp-json\/wp\/v2\/pages\/23222\/revisions\/23247"}],"wp:attachment":[{"href":"https:\/\/www.istruzione.calabria.it\/vibovalentia\/wp-json\/wp\/v2\/media?parent=23222"}],"curies":[{"name":"wp","href":"https:\/\/api.w.org\/{rel}","templated":true}]}}